e 5*n = 2*o - 127, -o - 4*n + 16 + 54 = 0. Suppose 8 = h + 5*q, 5*h - 3*q - o = 58. What is the units digit of h?
3
Let h = -20 + 18. Let z(g) = g**3 + 3*g**2 + 2*g + 3. What is the units digit of z(h)?
3
Suppose -3*h = h - 28. Let j = 13 + h. What is the units digit of j?
0
Let d(f) = -f**2 - 9*f + 3. Let t be d(-9). Suppose j - 91 = -t*x, 2*x + 0*j - j = 69. Suppose -3*o = -x + 11. What is the units digit of o?
7
Suppose -3*z + 32 + 7 = 0. Suppose -h = -z - 17. What is the tens digit of h?
3
Let h = -3 - -6. Suppose -4*k + 8 = h*t - 6, t + 2 = 2*k. Suppose 0*x + 4 = t*x. What is the units digit of x?
2
Let y be (-1 - -8)*6/7. Let x = y - 4. What is the units digit of x?
2
Let q(u) = -14*u - 5. Let k(g) = 42*g + 14. Let o(f) = 5*k(f) + 16*q(f). What is the tens digit of o(-4)?
4
Let p = -22 + 69. What is the units digit of p?
7
Suppose -b + 32 = -0*b. Suppose -3*h + 2*c = -21 - b, c = 5*h - 93. What is the units digit of h?
9
Suppose 0*c = 2*c - 2*q - 14, 4*q - 20 = -4*c. Let r(s) = 2*s - 9. Let d be r(c). Suppose 4*b + d = 27. What is the units digit of b?
6
Let z(v) = -2*v + 1. Let t be z(-6). Suppose 0 = s - 6*j + 2*j + t, -2*j + 8 = 0. What is the units digit of s?
3
Let w(h) = h + 5. Let f be w(-3). Suppose 1 = -f*t + 5. What is the units digit of t?
2
Let g(s) = -s + 39. What is the units digit of g(-23)?
2
Let k(h) = -133*h - 6. What is the hundreds digit of k(-1)?
1
Suppose 5*l = 1 - 26. What is the tens digit of 2/((-8)/220*l)?
1
Let v = 4 + -1. Suppose 4*g - 15 = -v. Suppose -2*o + g*r = 4*r - 1, 4*r + 1 = -3*o. What is the units digit of o?
1
Suppose -5*p - 3*w + 8 + 2 = 0, -w = p - 2. Suppose 0 = 4*r - 7*r. Suppose -21 = -6*j + j - 2*o, r = -j - p*o + 1. What is the units digit of j?
5
Let s = -2 + -10. Let l = 22 + s. What is the tens digit of l?
1
Let w(q) be the first derivative of 5/3*q**3 + 4*q - 1 - 7/2*q**2 + 1/4*q**4. What is the tens digit of w(-6)?
1
Suppose c = 5*x - 16, x = -2*c + 1 - 0. Suppose 4*m - 1 = x*m. What is the units digit of (1 - 1) + m - 0?
1
Let q(i) = -i**3 - 9*i**2 - 7*i + 11. Let k be q(-8). Suppose -5*p = -5*r + 14 + 1, -4*p + k*r = 17. What is the tens digit of 1/2 - 92/p?
1
Suppose 0 = -i - 1. Let v = i + 3. What is the units digit of v?
2
Let z be (-23 + 3)/(-1 + 0). Suppose -3*y = -7*y + z. Suppose y*c = 4*m - 22 + 68, 15 = 2*c - 5*m. What is the units digit of c?
0
What is the units digit of (-91)/(-2) + 33/(-22)?
4
Let a(z) = -z + 11. Let g be a(9). Suppose 0 = -0*w + g*w - 32. Let p = w + -7. What is the units digit of p?
9
Let b(m) = m**3 - 7*m**2 + 7*m - 3. What is the units digit of b(6)?
3
Suppose 6*u - 11*u + 10 = 0. Suppose i + 56 = u*i. What is the tens digit of i?
5
Suppose 0*l = -l, -2*a = -3*l - 46. What is the tens digit of a?
2
Let v be 18/4*30/9. Let z = v + -2. What is the tens digit of z?
1
Suppose -5*c + 128 = -677. What is the tens digit of c?
6
Let u(w) = 2*w + 2. Let q be u(3). Let m(o) be the first derivative of o**2/2 + 1. What is the units digit of m(q)?
8
Let t(p) = p - 2. Let l be t(6). Let o = 11 + l. What is the tens digit of o?
1
Let m be (0 + -40 - -1)/(-1). Let n = m - 26. What is the units digit of n?
3
Suppose -2*o + 4*o - 8 = 0. Let y be (-5)/o*1*4. What is the units digit of ((-6)/y)/(4/10)?
3
Let u = -47 - -82. What is the tens digit of u?
3
Suppose 0 = -0*d - d - 1. Let t(u) = 5*u**2 + 1. What is the units digit of t(d)?
6
Let b(l) be the second derivative of -l**4/12 - 5*l**3/6 - l**2 - 2*l. Suppose 5*s + 23 = 3*g, 2*s - g = -7 - 2. What is the units digit of b(s)?
2
Let u be 192/14 + 2/7. Suppose 11 = 5*m - u. What is the units digit of m?
5
Suppose 344 = 5*s - 71. What is the tens digit of s?
8
Let c(d) = -d**3 + 21*d**2 - 12*d - 17. What is the tens digit of c(20)?
4
Let k = -1 + 15. Suppose k = 4*s - 34. What is the units digit of s?
2
Let a = 372 + -253. What is the units digit of a?
9
Let q be 2/3*231/14. Let z be 1266/(-66) - (-2)/q. Let f = -9 - z. What is the tens digit of f?
1
Let v(z) = -z**3 - 2*z**2 - 5*z. Let y(f) = f**3 + 2*f**2 + 4*f. Let x(c) = 5*v(c) + 6*y(c). What is the units digit of x(-2)?
2
Suppose 5*v = 3*v - 54. What is the units digit of v*(2 - (-7)/(-3))?
9
Let x(q) = q**3 + 7*q**2 - 4*q + 7. Let z be x(-7). Suppose -2*v + h + z = 2, 21 = v - 2*h. What is the tens digit of v?
1
Suppose 4*j = j - 3*c - 3, -5*c = 5. Suppose -4*f + 64 = -j*f. Let n = -9 + f. What is the units digit of n?
7
Let b = 16 + 36. What is the units digit of b?
2
Let i(c) = -37*c - 53. What is the tens digit of i(-4)?
9
Let w be (8/10)/(1/(-5)). What is the tens digit of 239/4 - w/16?
6
Let r = -3 + -21. What is the units digit of (-1)/(-6) + (-212)/r?
9
Let x(o) = -7*o + 0 + 3 - 6. Let n be x(-3). What is the units digit of (2/(-6))/((-3)/n)?
2
Let x(j) = j**3 - j + 2. Let d be x(0). Suppose 1 = g, -d*g - 20 = -m - 0*g. What is the units digit of m?
2
Let n be (-3416)/(-18) - (-14)/63. Suppose 0 = 3*x + 2*x - n. What is the units digit of x?
8
Suppose 5*k = 3*k + 8. Suppose 15 = b - 3*o, -o + k - 13 = -b. What is the units digit of b?
6
Suppose -4*c + 62 = -4*x + 2*x, 3*x - 11 = -2*c. Let b = -5 + c. What is the units digit of b?
8
What is the units digit of 1/((-14)/(-102)) - (-42)/(-147)?
7
Suppose -3*u = -u - 12. Suppose 2*l + 4*v + u = 4*l, 3*v = -3*l + 45. What is the tens digit of l?
1
Suppose -5*p + 11*p - 246 = 0. What is the units digit of p?
1
Suppose 2*k = -6*z + 2*z + 94, k - 3 = 0. Suppose -f - z = -2*f. What is the tens digit of f?
2
Let a = 17 - 5. Suppose -a = -0*d - d. What is the tens digit of d?
1
Let z(q) = 2*q**3 - 9*q**2 + 14*q + 8. What is the units digit of z(5)?
3
Suppose 4*q - 3*q = 1. Let j = q - -3. What is the units digit of j?
4
Suppose -c = -10 + 7. Let j(b) = 3*b**2 - 4. What is the tens digit of j(c)?
2
Let a = -124 - -182. Let g = a - 23. What is the units digit of g?
5
Let r(j) = j**2 + j. Let i(k) = -k**3 - 10*k**2 - 8*k + 12. Let t be i(-9). Suppose 2*v = t*v - 2. What is the units digit of r(v)?
6
Let i(x) = -x**3 - x**2 + 182. What is the units digit of i(0)?
2
Let n(y) = -4*y**2 - 12*y + 18. Let g(r) = -r**2 - r. Let s(c) = -3*g(c) + n(c). What is the tens digit of s(-8)?
2
Let n = 29 + -9. Suppose -7*i + n = -2*i. What is the units digit of i?
4
Let m be (3/(-6))/(1/4). Let z(b) = 11*b**3 - 11*b**2. Let g(i) = -5*i**3 + 5*i**2. Let w(h) = 9*g(h) + 4*z(h). What is the tens digit of w(m)?
1
Suppose -3397 = -17*x + 1907. What is the tens digit of x?
1
Let g = -50 - -52. What is the units digit of g?
2
Suppose -3*x = 5 - 2. What is the units digit of x/4 + (-41)/(-4)?
0
Suppose 4*r - 6 - 14 = 0. Suppose 2 + 78 = r*w. Let f = w - 11. What is the units digit of f?
5
Suppose -4*z = -29 + 141. Let i = -10 - z. Let m = i - 10. What is the units digit of m?
8
Suppose -1314 = -2*l - 7*l. What is the tens digit of l?
4
Let q = -26 + 66. What is the units digit of q?
0
Let a(q) = q**3 + 19*q**2 - 2*q - 19. What is the units digit of a(-19)?
9
Suppose 5*z = -5*r + 2*r + 108, 0 = 3*z - 9. Suppose 26 = 2*g + h, -g - h = -5*h - r. What is the tens digit of g?
1
Let x(m) = m**3 + 8*m**2 - 9*m. Let n be x(-9). Suppose q + 2*q = n, 0 = 3*t + 2*q - 87. What is the units digit of t?
9
Let i(q) = -5*q**2 + 5*q - 2. Let n(d) = 9*d**2 - 9*d + 4. Let j(m) = 7*i(m) + 4*n(m). Let h be j(0). Suppose h*z = 7*z - 50. What is the units digit of z?
0
Let u = -83 - -176. Suppose -27 = -5*n + u. What is the units digit of n?
4
Let z(f) = f**3 - 12*f**2 + f - 9. Let c be z(12). What is the tens digit of 3 - c - (-15 + 1)?
1
Let k(j) = j**3 + 2*j**2 - 3*j - 3. Let z be (6 + -3)*(-3 - -4). What is the units digit of k(z)?
3
Let x(g) = 4*g**2 + g + 5. Let u(l) = 3*l**2 + l + 5. Let j(i) = 3*u(i) - 2*x(i). What is the units digit of j(-4)?
7
Let j = 3 + -4. What is the units digit of 7 + (1 + -2)*j?
8
What is the tens digit of (12/(-9))/(4/(-210))?
7
Suppose q - 5 = -0. Suppose -q*f = 3*w - 172, 2*w = -w + 3*f + 180. Suppose -b = -6*b - j + w, -b + 15 = j. What is the tens digit of b?
1
Let h be ((-8)/(-12))/((-4)/(-42)). Suppose 5 = 3*z - h. Suppose -5 = -z*g + 23. What is the units digit of g?
7
Suppose 0*n = -4*n - 4. Let t(f) = -f**3 + 2*f + 1. Let s be t(n). Suppose s = -l - l + 24. What is the tens digit of l?
1
Let c(z) = -2*z**3 + 2*z**2 - 1. Let